ed by 42.
24
What is the remainder when 2679 is divided by 1111?
457
Calculate the remainder when 7951 is divided by 1523.
336
What is the remainder when 1364 is divided by 670?
24
Calculate the remainder when 12892 is divided by 293.
0
Calculate the remainder when 336503 is divided by 102.
5
What is the remainder when 41122 is divided by 297?
136
Calculate the remainder when 2583 is divided by 79.
55
What is the remainder when 74722 is divided by 2?
0
What is the remainder when 4043 is divided by 30?
23
Calculate the remainder when 6884 is divided by 2268.
80
Calculate the remainder when 9061 is divided by 1588.
1121
What is the remainder when 7953 is divided by 297?
231
What is the remainder when 27108 is divided by 2460?
48
Calculate the remainder when 132939 is divided by 36.
27
What is the remainder when 12485 is divided by 155?
85
Calculate the remainder when 5233 is divided by 2510.
213
What is the remainder when 46812 is divided by 51?
45
Calculate the remainder when 360274 is divided by 120089.
7
What is the remainder when 7106 is divided by 100?
6
Calculate the remainder when 12061 is divided by 134.
1
What is the remainder when 8994 is divided by 22?
18
What is the remainder when 1686 is divided by 79?
27
Calculate the remainder when 29023 is divided by 62.
7
Calculate the remainder when 7600 is divided by 136.
120
Calculate the remainder when 2092914 is divided by 22749.
6
What is the remainder when 17500 is divided by 588?
448
What is the remainder when 31770 is divided by 89?
86
What is the remainder when 2068 is divided by 31?
22
What is the remainder when 698037 is divided by 277?
274
Calculate the remainder when 4510 is divided by 47.
45
What is the remainder when 11438 is divided by 337?
317
What is the remainder when 8045 is divided by 508?
425
Calculate the remainder when 661 is divided by 59.
12
What is the remainder when 120831 is divided by 137?
134
Calculate the remainder when 1318 is divided by 154.
86
What is the remainder when 415841 is divided by 11?
8
What is the remainder when 88739 is divided by 204?
203
What is the remainder when 2003 is divided by 336?
323
Calculate the remainder when 66984 is divided by 13.
8
What is the remainder when 28159 is divided by 229?
221
What is the remainder when 1787 is divided by 23?
16
Calculate the remainder when 4621 is divided by 59.
19
What is the remainder when 9646 is divided by 2405?
26
What is the remainder when 1410 is divided by 691?
28
What is the remainder when 141 is divided by 131?
10
Calculate the remainder when 2349904 is divided by 263.
262
What is the remainder when 179093 is divided by 64?
21
What is the remainder when 1683910 is divided by 1240?
1230
What is the remainder when 3084 is divided by 308?
4
What is the remainder when 453627 is divided by 492?
3
Calculate the remainder when 544964 is divided by 27.
23
Calculate the remainder when 10057 is divided by 1672.
25
Calculate the remainder when 3243 is divided by 19.
13
What is the remainder when 926020 is divided by 193?
6
Calculate the remainder when 18615 is divided by 2289.
303
What is the remainder when 795084 is divided by 207?
204
Calculate the remainder when 145828 is divided by 12150.
28
Calculate the remainder when 85 is divided by 7.
1
What is the remainder when 45333 is divided by 73?
0
What is the remainder when 80596 is divided by 187?
186
What is the remainder when 1287719 is divided by 511?
510
What is the remainder when 1694 is divided by 1683?
11
Calculate the remainder when 86501 is divided by 86499.
2
What is the remainder when 6735 is divided by 560?
15
Calculate the remainder when 187739 is divided by 12.
11
What is the remainder when 26633 is divided by 138?
137
What is the remainder when 299737 is divided by 8563?
32
What is the remainder when 888181 is divided by 173?
172
Calculate the remainder when 13759 is divided by 65.
44
Calculate the remainder when 1682 is divided by 192.
146
What is the remainder when 281233 is divided by 38?
33
What is the remainder when 294168 is divided by 29416?
8
Calculate the remainder when 7898 is divided by 3.
2
What is the remainder when 4012 is divided by 108?
16
Calculate the remainder when 10327 is divided by 5147.
33
Calculate the remainder when 6987 is divided by 247.
71
What is the remainder when 515146 is divided by 405?
391
Calculate the remainder when 117925 is divided by 104.
93
Calculate the remainder when 6766 is divided by 3363.
40
What is the remainder when 30212 is divided by 1009?
951
Calculate the remainder when 2654 is divided by 54.
8
Calculate the remainder when 17337 is divided by 109.
6
Calculate the remainder when 29428 is divided by 382.
14
What is the remainder when 1691 is divided by 295?
216
What is the remainder when 76336 is divided by 76330?
6
Calculate the remainder when 32171 is divided by 5.
1
Calculate the remainder when 3381 is divided by 841.
17
What is the remainder when 429394 is divided by 785?
784
Calculate the remainder when 450625 is divided by 1598.
1587
Calculate the remainder when 29494 is divided by 923.
881
What is the remainder when 5420 is divided by 210?
170
What is the remainder when 46604 is divided by 49?
5
Calculate the remainder when 168550 is divided by 1034.
8
Calculate the remainder when 14515 is divided by 368.
163
What is the remainder when 11872 is divided by 11822?
50
What is the remainder when 137 is divided by 107?
30
What is the remainder when 3620106 is divided by 19?
17
Calculate the remainder when 487298 is divided by 54144.
2
What is the remainder when 1210052 is divided by 385?
382
Calculate the remainder when 92228 is divided by 387.
122
What is the remainder when 19773 is divided by 6588?
9
Calculate the remainder when 1337 is divided by 165.
17
What is the remainder when 4901 is divided by 802?
89
Calculate the remainder when 4723 is divided by 30.
13
Calculate the remainder when 5246466 is divided by 77.
71
What is the remainder when 300396 is divided by 16?
12
Calculate the remainder when 3348 is divided by 8.
4
What is the remainder when 72902 is divided by 258?
146
What is the remainder when 9324 is divided by 105?
84
Calculate the remainder when 2945 is divided by 118.
113
Calculate the remainder when 1420 is divided by 1389.
31
What is the remainder when 4202 is divided by 79?
15
What is the remainder when 58206 is divided by 14550?
6
Calculate the remainder when 1789 is divided by 63.
25
Calculate the remainder when 85415 is divided by 2188.
83
Calculate the remainder when 8055 is divided by 7755.
300
What is the remainder when 4216 is divided by 2035?
146
What is the remainder when 1225 is divided by 411?
403
What is the remainder when 281322 is divided by 93?
90
What is the remainder when 43334 is divided by 651?
368
What is the remainder when 183 is divided by 21?
15
Calculate the remainder when 3986 is divided by 207.
53
What is the remainder when 5779 is divided by 151?
41
Calculate the remainder when 595421 is divided by 360.
341
What is the remainder when 268 is divided by 90?
88
What is the remainder when 11790 is divided by 3358?
1716
What is the remainder when 19896 is divided by 154?
30
What is the remainder when 134006 is divided by 8?
6
What is the remainder when 37323 is divided by 12441?
0
What is the remainder when 777 is divided by 245?
42
Calculate the remainder when 4904 is divided by 41.
25
Calculate the remainder when 94912 is divided by 21.
13
What is the remainder when 40077 is divided by 5006?
29
What is the remainder when 4143 is divided by 294?
27
What is the remainder when 77584 is divided by 34?
30
Calculate the remainder when 27314 is divided by 3893.
63
Calculate the remainder when 71200 is divided by 647.
30
What is the remainder when 1670 is divided by 6?
2
Calculate the remainder when 2044 is divided by 168.
28
Calculate the remainder when 2460 is divided by 2448.
12
Calculate the remainder when 1779 is divided by 453.
420
Calculate the remainder when 23571 is divided by 9.
0
What is the remainder when 368435 is divided by 2105?
60
What is the remainder when 641 is divided by 175?
116
Calculate the remainder when 19413 is divided by 77.
9
What is the remainder when 30553 is divided by 63?
61
Calculate the remainder when 2566 is divid